the prime factors of b(-4)?
2, 5
Let q(t) = -t**3 - 9*t**2 - 10*t + 1. List the prime factors of q(-8).
17
Suppose -w + z = -34, -2*z = 3*z. Let h = w - 15. What are the prime factors of h?
19
Let f = 3 - 2. Let z(w) = 0*w - 1 + 6*w + w**2 + 9*w**3 - 6*w. List the prime factors of z(f).
3
Let g(m) = m**2 + 6*m + 12. Let q be g(-11). Let w = q + -37. What are the prime factors of w?
2, 3, 5
Let p(f) = -3*f + 8. List the prime factors of p(-10).
2, 19
Let r(o) = o**2 - 2*o + 28. List the prime factors of r(0).
2, 7
Let a = -10 - -8. Let l = a + 2. Suppose l = 2*z - 3*z + 11. What are the prime factors of z?
11
Suppose 6 = 2*d - 4*r, 0*d = -5*d + 2*r - 9. Let a be 0 + -2 - d - 1. Suppose a = 2*v - 6*v + 44. List the prime factors of v.
11
Let i(u) = 12*u - 1. What are the prime factors of i(16)?
191
Suppose -d - 2 = -19. Suppose -4*a - 3*v = -40, a + 0*v - d = v. What are the prime factors of a?
13
Suppose 3*l + 4*r - 2147 + 867 = 0, -r - 857 = -2*l. What are the prime factors of l?
2, 107
Let l = 210 + -142. List the prime factors of l.
2, 17
Suppose f = -5 + 12. Suppose -4*n - 9 = f. What are the prime factors of 100/15*(-1 - n)?
2, 5
Suppose 4*z + l = 88, 4*z + 2*l + 3*l = 72. List the prime factors of z.
23
Let q(v) = 3*v + 6. Let n(i) = i - 1. Let o be n(8). Let h be q(o). What are the prime factors of (-2)/5 - h/(-5)?
5
Suppose 0 = -s - 4*s + 10. Suppose -3*o + 8 = s. List the prime factors of o.
2
Let m = 242 + -120. What are the prime factors of m?
2, 61
Let v be 6/(-4)*(-3 + 1). Suppose -y - 5 - 6 = 4*t, -2*y = -v*t. List the prime factors of 4*(15/t)/(-3).
2, 5
Let f(p) = 6*p**3 - 3*p**2 + p + 1. Let h be f(2). Let q = h + -21. List the prime factors of q.
2, 3
Suppose 0 = 5*b - 10. Suppose 3*v + 3 = 0, 0 = -5*h + 3*h + b*v + 38. List the prime factors of h.
2, 3
Suppose 0 = -5*a - 0*a - 5. Suppose -3*i - 21 + 0 = -c, 4*i - 5*c + 39 = 0. List the prime factors of (-64)/i + a/(-3).
11
Suppose 0 = -5*r - 3*n + 438 - 15, 0 = -4*r + 3*n + 333. List the prime factors of r.
2, 3, 7
Let c be -1 + 12 + (-2 - -3). List the prime factors of -5*1/(-4)*c.
3, 5
Suppose 9*a = 4*a + 25. Let h = a - -11. List the prime factors of h.
2
Let y(l) = 5*l**2 - 2*l + 3. Let n(i) = i - 1. Let a(f) = 3*n(f) + y(f). List the prime factors of a(1).
2, 3
Let v(o) = o + 6. Let l be v(-4). Suppose -9 = -b - d - l, -3*d = 4*b - 24. Suppose -b*s + 5 = 4*t, -2*t - 2*s = 3*s + 1. What are the prime factors of t?
2
Let x(q) = -q**2 + q + 50. Let t be x(0). Suppose -3*h = 3*z - 12, 0*z + z + t = 5*h. What are the prime factors of 38/h + (-4)/18?
2
Suppose 8*a = 2284 - 4. List the prime factors of a.
3, 5, 19
Suppose -8*i + 768 = -2*i. List the prime factors of i.
2
Let u = 158 - 105. List the prime factors of u.
53
Suppose 0 = -4*h, -3*g = 3*h - 2 - 1. Let b be g + (27 + 3)/2. Suppose 2*m = -2*q + b, -6*q + 3*q = -3*m + 6. What are the prime factors of m?
5
Let a be 7*(19/(-7) + 3). Suppose 18*p + a = 19*p. What are the prime factors of p?
2
Let b = 2 + 1. Let c be (-2)/(-3)*b*1. What are the prime factors of c - 0*3/(-9)?
2
Let s = -9 + 38. List the prime factors of s.
29
Let m(v) = 187*v**3 + v**2 + v. List the prime factors of m(1).
3, 7
Suppose 0*g - 3*g + 21 = 0. Suppose -g*c + 30 = -2*c. List the prime factors of c.
2, 3
List the prime factors of (-47)/(-9) + (-6)/27.
5
Let q(x) = -x**3 - 4*x**2 - 3*x - 2. List the prime factors of q(-4).
2, 5
Let t(q) = 3*q + 5. Let w = 1 - -3. What are the prime factors of t(w)?
17
Suppose 4*n = -1 + 5. What are the prime factors of 11 + n*(2 + -3)?
2, 5
Suppose 22 = -l - 2. Let f = l + 3. Let g = -13 - f. What are the prime factors of g?
2
Let w(g) = g - 13. Let o be w(12). List the prime factors of (-162)/(-8) + o/4.
2, 5
Suppose 3*x - 341 = -143. List the prime factors of 1506/x + (-2)/(-11).
23
Suppose 6*y = 3*y. Let c = y - -1. List the prime factors of c/((3/(-30))/(-1)).
2, 5
Let h be (-317)/(-9) - (-8)/(-36). Suppose 3*j - 19 = h. What are the prime factors of j?
2, 3
What are the prime factors of 121 - (-7 + 4 - -7)?
3, 13
Let w = 8 + -4. Suppose -2*u + w = -u. Suppose z + u = 16. List the prime factors of z.
2, 3
Suppose 5*q - 74 - 36 = 0. Suppose -3*i + q = 4. What are the prime factors of i?
2, 3
Let q = 142 + -28. List the prime factors of q.
2, 3, 19
Suppose u + 0*l - 45 = -2*l, 0 = -u + 4*l + 27. Suppose -4*a + u = -49. Suppose -3*d = -a - 11. What are the prime factors of d?
11
Suppose 2*o + 31 - 174 = 3*j, -o + 3*j = -79. What are the prime factors of o?
2
Let q(k) = -k**2 + 3*k + 2. Let v be q(4). Let p be 4/(-3)*(-9)/v. List the prime factors of (p/4)/((-3)/6).
3
Let a = 204 - 193. What are the prime factors of a?
11
Suppose 0 = -4*w + 2 + 6. Let d = -11 - -13. Suppose -w*z - d*z = -20. What are the prime factors of z?
5
What are the prime factors of 12 - 1*4/(-2)?
2, 7
Suppose 4*l + 6 = 2*g + 2*l, l = 5*g - 11. List the prime factors of g*(-2)/4 - -5.
2
Let c = 2 - 4. Let u = 1 - c. List the prime factors of u.
3
Let y be (-6)/(-4)*(-3 + 5). Suppose -4*g + 4*j = -8, -j = y*g - g + 2. Suppose -z + 3 = -g. List the prime factors of z.
3
What are the prime factors of (-11 + 1)/(18/(-54))?
2, 3, 5
Let q(z) = -2*z - 1. Suppose -4*v + 16 = -4*f, 0*f + 8 = -f - v. List the prime factors of q(f).
11
Suppose 0 = -5*r + 2*j + 1715, -4*r - 665 = -6*r + 5*j. What are the prime factors of 2/8 + r/12?
29
Let t(l) = -l + 1. Let o be t(5). Let s be o + 3 - 2 - 4. Let k = -1 - s. List the prime factors of k.
2, 3
Let u = 438 + -274. Suppose 5*s + m - 159 = -0*s, 0 = 5*s - 4*m - u. List the prime factors of s.
2
Suppose 5*o = 3*o + 6. Let k = 4 + o. List the prime factors of k.
7
Suppose -2*y + 315 = 3*y. List the prime factors of y.
3, 7
Suppose 0 = 2*l - 4*l + 60. List the prime factors of l.
2, 3, 5
Suppose -5*g + x + 25 = 4*x, 2*x + 5 = g. Suppose 0 = -2*b - r + 13, -5*b - g*r - 9 = -29. What are the prime factors of b?
3
Let t = -17 - -47. What are the prime factors of t?
2, 3, 5
Suppose 3*z = -10*z + 741. What are the prime factors of z?
3, 19
Suppose 0 = -0*k - k - 5*j - 19, -5*j = 15. Let z(r) = 13*r**2 - 1. Let y be z(-1). Let q = y - k. List the prime factors of q.
2
Let f(b) = 3*b**2 + 4*b - 24. List the prime factors of f(6).
2, 3
Suppose 0 = -2*b - 10, -5*o + 7*b = 3*b - 145. What are the prime factors of o?
5
Let s(b) = 3*b**2 - b**2 - b - 5 + 3. Let d be s(2). Suppose a - d*l + 5*l = 16, 5*a = -l + 60. What are the prime factors of a?
11
Let z be (-4 + 3)/(2/(-8)). Suppose 6*k + 5*t - 122 = 2*k, -116 = -z*k - 2*t. What are the prime factors of k?
2, 7
Suppose 125 = 9*s - 1180. What are the prime factors of s?
5, 29
Suppose 0 = 5*v - 5*r - 180, -r - 64 - 3 = -2*v. List the prime factors of v.
31
Let l = -8 - -2. Let o be 1*12*(-3)/l. List the prime factors of 4*o*(-3)/(-24).
3
Suppose 3*w - 3 = -3*q, 0*q + 1 = w + 3*q. Let i(h) = 25*h + 1. List the prime factors of i(w).
2, 13
Let m be (10/(-4))/((-2)/(-4)). Let n = m + 7. Suppose -10 = -n*r - 3*r. What are the prime factors of r?
2
Suppose 0*c = 2*c. Let a(o) = o - 3. Let x be a(3). Suppose -z + x + 3 = c. List the prime factors of z.
3
Suppose -2*q - 3*l = -40, -3*q + 97 - 37 = -2*l. Let k = -14 + q. List the prime factors of k.
2, 3
Let d be 5 + 2*(-3)/6. Let b = d + -1. Suppose -2*z + z = 5*y - 21, 0 = b*y + 3*z - 3. List the prime factors of y.
5
Let y(w) = 3 - 2*w**2 - w**3 - 2*w**2 + 5*w**2 - 2*w. Let b be y(2). List the prime factors of b*(-2)/(2 - 0).
5
Let i(d) = -d**3 + 3*d**2 + 2*d - 4. Let k be i(4). Let p be (6 + -2)/((-2)/(-12)). Let o = k + p. List the prime factors of o.
2, 3
Let n = -2 + 6. Suppose 1 + 7 = 2*x. Suppose 16 = x*j - 3*j + n*k, 4*j = k + 47. What are the prime factors of j?
2, 3
Suppose -110 = -7*m + 2*m. List the prime factors of m.
2, 11
Let c(b) = -b**2 + 9*b + 12. Suppose -2*y - 5*h + 48 = 8, 0 = 4*y - h - 36. What are the prime factors of c(y)?
2
What are the prime factors of ((-9)/6)/((-3)/(248 + -2))?
3, 41
Let g(q) = 4*q - 10. Let o = 20 + -16. What are the prime factors of g(o)?
2, 3
Suppose -6*b = -4*b - 54. List the prime factors of b.
3
Let x = -36 + 6. Let m = x - -55. What are the prime factors of m?
5
Suppose 0 = -i - 4*f + 24, f + 0*f = -5*i + 25. List the prime factors of -2 + i - 1 - -9.
2, 5
Let f(s) = 3*s**2 -